- 7). Let z be (i + 2)*12/7. Suppose 12 = v + 4*h - z, -5*v + 40 = 4*h. What is the units digit of v?
4
Suppose 0 = 7*j - 3*j - 40. What is the tens digit of j?
1
Suppose -5*o = o - 180. What is the units digit of o?
0
Let o = 2 - -1. Suppose o*r + 0*r = 0. Let u = 1 + r. What is the units digit of u?
1
Suppose 0 = -z + 2 + 2. What is the units digit of z?
4
Let x be 6/21 + 60/(-14). What is the tens digit of x + 2 + 0 + 31?
2
Let m(p) = -p**3 - 3*p**2 + 3*p. Let f be (-1)/((-2)/22*1). Let w = -15 + f. What is the units digit of m(w)?
4
Let z = 30 - 9. What is the units digit of z?
1
What is the tens digit of (-558)/(-12)*2/3?
3
Let q = -226 - -339. Suppose -4*j + 39 = -q. What is the units digit of j?
8
Let c be (-1)/(348/351 + -1). Suppose -6*g + 5*x = -g - 125, 5*g = x + c. Let m = g + -4. What is the units digit of m?
9
Let b = 135 - 56. What is the tens digit of b?
7
Let a(v) = -2*v + 6. Let i be a(4). Let r = i + -1. What is the units digit of r/2*48/(-9)?
8
Suppose -155 = 4*m + 13. Let x = m - -60. What is the tens digit of x?
1
Let d(n) = -4*n**2 + 4 + 9*n**3 + 3*n**2 - 5 + 0*n**2 - 2*n. Let c be d(2). Suppose -5*p = 23 - 8, 3*p = 3*a - c. What is the tens digit of a?
1
Suppose 0 = l + 3*x - 160, -l + 4*x = -225 + 30. Suppose 0*o - o = -5*v + l, -3*o = 4*v - 140. What is the units digit of v?
5
Let o(j) = -35*j**3 - j**2 + 1. Let y be o(1). Let d be -2*2/(4/y). Suppose 2*g = -g - 3*x + 3, -5*g + x + d = 0. What is the units digit of g?
6
Let s(f) = -3*f + 6. Let b(h) = 4*h - 7. Let u be ((-8)/5)/(6/(-15)). Let o(v) = u*b(v) + 5*s(v). What is the units digit of o(3)?
5
Suppose -3*w + 606 = 90. What is the tens digit of w?
7
Let r = -11 - -7. Let k = r + -3. What is the units digit of k*(-3)/(-3)*-1?
7
Let z = 22 - 12. Suppose 4*y + 6 = z. What is the units digit of y?
1
Let j = -4 - -12. Suppose b + 2*b = -12. What is the tens digit of ((-32)/j)/(1/b)?
1
Suppose -7*q + 11*q - 216 = 0. What is the units digit of q?
4
Let q = -352 + 699. What is the units digit of q?
7
Let r(m) = -m + 1. Let t = 5 + -2. Let b = -3 - t. What is the units digit of r(b)?
7
Let d = 15 - 10. Suppose d*p = -3*z + 51, 0 = -3*p - z - 4*z + 21. What is the tens digit of p?
1
Suppose -3*s + 10 = 4. Suppose -4*h = -7 - 1. Suppose h*k = 2*f + 4, 0*k - 3*k + 9 = -s*f. What is the units digit of k?
5
Let v = 314 - 219. Suppose -4*z = -9*z + v. What is the units digit of z?
9
Let r be (-9)/(-2)*2/3. Suppose 0*t - 2*a - 2 = -2*t, 3*t + a = 11. Suppose -t - r = -2*f. What is the units digit of f?
3
Let g = -21 - -28. What is the units digit of ((-12)/g)/(2/(-14))?
2
Let a = -9 + 10. What is the units digit of (5 - -3) + (a - 4)?
5
Let k = -11 - -13. Suppose 4*q - 15 = -i - 1, -4*q + 3*i + 22 = 0. Suppose -q*r = -j - 65 - k, -3*j - 14 = -r. What is the tens digit of r?
1
Let c(v) = 22*v**2 - v - 2. Suppose 4*f + 8 = 0, u = -4*u + 2*f - 1. What is the tens digit of c(u)?
2
Suppose 5*q + 191 - 511 = 0. Let k = q - 45. What is the units digit of k?
9
Suppose -3*o - 124 + 7 = 0. Let p be (o/(-4))/((-12)/(-32)). Let c = -14 + p. What is the units digit of c?
2
What is the tens digit of (0 + (-30)/20)/((-1)/136)?
0
Suppose -2*l + 78 = -l. What is the tens digit of l?
7
Let j(w) = w**2 - 3*w - 12. What is the units digit of j(7)?
6
Let m(h) = h - 2. Let p be m(4). Suppose k - p*u = 2 - 6, 10 = 5*u. Suppose k*x - 44 = -4*x. What is the units digit of x?
1
Let j(d) = d**2 + 3*d. What is the tens digit of j(-6)?
1
Let g = -7 - -10. Suppose 5*q - g*i - i - 45 = 0, -q - 4*i = 15. Let x = 9 - q. What is the units digit of x?
4
What is the units digit of (-32)/(-40) + (-1)/(-5)?
1
Let n = -171 - -294. What is the hundreds digit of n?
1
Suppose c + 0*c = 0. Suppose c = -5*s - 2 + 52. What is the units digit of s?
0
What is the units digit of (1 - -29) + 0 + 0?
0
Let m be (8/24)/(1/15). Suppose -14 = -3*p + 2*n - 0*n, m*n - 41 = -2*p. What is the units digit of p?
8
Let p(u) = 21*u - 1. What is the units digit of p(1)?
0
Let r(a) be the third derivative of -a**6/120 + a**4/24 + 3*a**3 + 3*a**2. What is the tens digit of r(0)?
1
Suppose -3*q + 26 + 51 = 5*z, -4*z - 20 = 0. What is the units digit of q?
4
Suppose 12 + 92 = 4*k. What is the units digit of (k/(-2))/(1*-1)?
3
Suppose 0 = 2*b - r + 12, 4*b = b - 4*r - 7. Let f(y) = -y**2 - 7*y - 6. What is the units digit of f(b)?
4
Let m = -1 + 3. Suppose 3*p - 2*s = 2*s - 19, 14 = -m*p + 4*s. What is the units digit of p/(-4) + 6/8?
2
Let u(x) = 7*x**2 + x - 1. Let t be u(2). Let z = t + -17. What is the units digit of z?
2
Let w be (3/(-4))/((2 - -3)/(-20)). Let z = -18 - -28. Let q = z - w. What is the units digit of q?
7
Let n(x) = -28*x + 9. Let y(w) = 9*w - 3. Let r(l) = 2*n(l) + 7*y(l). Let z be r(5). What is the units digit of ((-1)/2)/((-2)/z)?
8
Let m(h) be the third derivative of h**5/60 + h**4/8 - h**3/2 + 7*h**2. What is the tens digit of m(5)?
3
Suppose 2*i = 3*i - 4*g - 75, 5*g + 322 = 4*i. What is the tens digit of i?
8
Let x = 40 + 9. What is the units digit of x?
9
Let a(p) = -3*p - 4. Let b(k) = -k**3 + 5*k**2 - 5*k + 1. Let u be b(4). Let l be a(u). Let c(v) = -v**2 + 8*v - 4. What is the tens digit of c(l)?
1
Let c(n) = n**2 - 5*n + 3. Let d be 1 - 12/(-3)*1. Let m be c(d). Suppose -m*x + 18 = 3. What is the units digit of x?
5
Suppose 320 = 5*d + s, 4*d + 3*s - 330 = -d. What is the units digit of d?
3
Suppose -2*n - 10 = -0*n. Let u(w) be the first derivative of -w**2/2 - 3*w + 3. What is the units digit of u(n)?
2
Let n be -1 - 0 - (-2 + 1). Suppose n = o - 0 + 2. What is the units digit of 10/(3/(-9)*o)?
5
Let x = 285 + -111. What is the hundreds digit of x?
1
Suppose -4*q - 9 = -1. Let v(n) = 2*n**2 + n - 2. Let b be v(q). Suppose -b*d + 6 + 14 = 4*r, 7 = -4*d + 5*r. What is the units digit of d?
2
Let s be ((-4)/(-10))/((-1)/15). Let g = -22 + 16. What is the units digit of 1*(s/3 - g)?
4
What is the units digit of -1 - (-26 - (-1 - 2))?
2
Let n(t) = -t**2 - 6*t + 9. Let i be n(-7). Let p(d) = 8*d + 1. What is the tens digit of p(i)?
1
Let h = -6 - -10. Suppose -12 = -5*r + 3*n, -n - h = -2*r + 6*r. Suppose 3*k - 3*o = 19 - 1, 4*o + 16 = r. What is the units digit of k?
2
Let v(g) = -25*g**2 + g. Let n be v(-1). Let k = n - -36. Let s = k + -1. What is the units digit of s?
9
Suppose 5*o = -4*z + 486, -o = -5*z - 4*o + 614. What is the units digit of z?
4
Let q be (-2)/(-3 - 5/(-2)). Let f(i) = -q - i + 3 + 5 + 17. What is the tens digit of f(11)?
1
Suppose -4*k = 5*l - 36, 2*k - k = -1. Let s = 3 + l. What is the units digit of s?
1
Let u = 17 - 12. Suppose 17 - u = 3*h. Let t = h - 3. What is the units digit of t?
1
Let j = -18 - -138. What is the hundreds digit of j?
1
Suppose -4*h - h = 2*c - 14, -4 = -3*c + h. Let f be 5/(-10) - 11/c. Let k(o) = o**3 + 5*o**2 - 6*o + 1. What is the units digit of k(f)?
1
Let h = -6 - 6. What is the tens digit of -2 - (h + 6/(-3))?
1
Let d(n) = -2*n - 7. Let w be d(-7). Suppose -r - w = -2*l, -2*l + 2*r = l - 13. What is the units digit of l?
1
Let p = 3 + 1. Suppose -3*l = p*d - 89, 3*l = 1 - 4. What is the tens digit of d?
2
Let m = -13 + 13. Let j = 1 + m. What is the units digit of j?
1
Let b = -51 - -18. Let a be 48/18*b/(-2). Suppose -a - 28 = -4*f. What is the tens digit of f?
1
Let g(i) = 8*i**2 - i - 1. Let z(a) = -a**2 + 1. Let s(u) = g(u) + z(u). What is the units digit of s(1)?
6
Let i = 32 + -16. What is the tens digit of i?
1
Suppose 3*l - 124 = 122. What is the tens digit of l?
8
Let c be -2 - 1/((-3)/9). What is the units digit of 1 - -1 - (c - 4)?
5
Let t(b) = -39*b**3 - b**2 + b. What is the units digit of t(-1)?
7
Let q = 3 - -3. Suppose -q*s - 4 = -2*s. What is the units digit of s/(-3) + 12/18?
1
Let f = 51 + -31. Suppose -p = -5*p + f. What is the units digit of p?
5
Suppose -3*p + 2*c = -3*c - 1, -c - 17 = 5*p. Let x be (8 + -2)/p + 2. Suppose -i + 2*g = -8, 3*i - 5*g + x*g = 25. What is the units digit of i?
0
Suppose 2*y + 5*i = y + 384, 3*i = -9. What is the tens digit of y?
9
Suppose -4*k + 0*k = -236. What is the tens digit of k?
5
Let m = -75 - -112. Suppose 3*z = -2*f + 111, 7*f + m = z + 4*f. What is the units digit of z?
7
What is the units digit of 85 + -1 + 0 + 1?
5
Let v(o) = 3*o**3 - 6*o + 3. Let h(b) = b**3 + b**2 - b. Let q(n) = 2*h(n) -